{"id":183,"date":"2026-01-05T15:17:06","date_gmt":"2026-01-05T15:17:06","guid":{"rendered":"http:\/\/lifesciences.agu.edu.tr\/?page_id=183"},"modified":"2026-01-22T18:23:28","modified_gmt":"2026-01-22T18:23:28","slug":"yusuf-baran-2","status":"publish","type":"page","link":"http:\/\/lifesciences.agu.edu.tr\/index.php\/yusuf-baran-2\/","title":{"rendered":"Yusuf Baran"},"content":{"rendered":"<p><img loading=\"lazy\" decoding=\"async\" class=\"size-medium wp-image-476 aligncenter\" src=\"http:\/\/lifesciences.agu.edu.tr\/wp-content\/uploads\/2026\/01\/unnamed-300x300.png\" alt=\"\" width=\"300\" height=\"300\" srcset=\"http:\/\/lifesciences.agu.edu.tr\/wp-content\/uploads\/2026\/01\/unnamed-300x300.png 300w, http:\/\/lifesciences.agu.edu.tr\/wp-content\/uploads\/2026\/01\/unnamed-150x150.png 150w, http:\/\/lifesciences.agu.edu.tr\/wp-content\/uploads\/2026\/01\/unnamed-500x500.png 500w, http:\/\/lifesciences.agu.edu.tr\/wp-content\/uploads\/2026\/01\/unnamed.png 512w\" sizes=\"auto, (max-width: 300px) 100vw, 300px\" \/><\/p>\n<p class=\"card-title\" style=\"text-align: center;\"><strong>Prof. Dr. Yusuf Baran<\/strong><\/p>\n<p class=\"card-text small\" style=\"text-align: center;\"><strong>Rector, IZTECH<\/strong><br \/>\n<strong>\u0130zmir, TR<\/strong><\/p>\n<hr \/>\n<p class=\"card-text small\" style=\"text-align: center;\"><strong>Biography<\/strong><\/p>\n<p>&nbsp;<\/p>\n<hr \/>\n<p style=\"text-align: center;\"><strong>Title: Bir Liderin \u0130n\u015fas\u0131<\/strong><\/p>\n","protected":false},"excerpt":{"rendered":"<p>Prof. Dr. Yusuf Baran Rector, IZTECH \u0130zmir, TR Biography &nbsp; Title: Bir Liderin \u0130n\u015fas\u0131<\/p>\n","protected":false},"author":1,"featured_media":0,"parent":0,"menu_order":0,"comment_status":"closed","ping_status":"closed","template":"","meta":{"footnotes":""},"class_list":["post-183","page","type-page","status-publish","hentry"],"_links":{"self":[{"href":"http:\/\/lifesciences.agu.edu.tr\/index.php\/wp-json\/wp\/v2\/pages\/183","targetHints":{"allow":["GET"]}}],"collection":[{"href":"http:\/\/lifesciences.agu.edu.tr\/index.php\/wp-json\/wp\/v2\/pages"}],"about":[{"href":"http:\/\/lifesciences.agu.edu.tr\/index.php\/wp-json\/wp\/v2\/types\/page"}],"author":[{"embeddable":true,"href":"http:\/\/lifesciences.agu.edu.tr\/index.php\/wp-json\/wp\/v2\/users\/1"}],"replies":[{"embeddable":true,"href":"http:\/\/lifesciences.agu.edu.tr\/index.php\/wp-json\/wp\/v2\/comments?post=183"}],"version-history":[{"count":8,"href":"http:\/\/lifesciences.agu.edu.tr\/index.php\/wp-json\/wp\/v2\/pages\/183\/revisions"}],"predecessor-version":[{"id":486,"href":"http:\/\/lifesciences.agu.edu.tr\/index.php\/wp-json\/wp\/v2\/pages\/183\/revisions\/486"}],"wp:attachment":[{"href":"http:\/\/lifesciences.agu.edu.tr\/index.php\/wp-json\/wp\/v2\/media?parent=183"}],"curies":[{"name":"wp","href":"https:\/\/api.w.org\/{rel}","templated":true}]}}