{"id":70,"date":"2026-01-05T13:50:40","date_gmt":"2026-01-05T13:50:40","guid":{"rendered":"http:\/\/lifesciences.agu.edu.tr\/?page_id=70"},"modified":"2026-02-06T13:40:49","modified_gmt":"2026-02-06T13:40:49","slug":"committees","status":"publish","type":"page","link":"http:\/\/lifesciences.agu.edu.tr\/index.php\/committees\/","title":{"rendered":"Committees"},"content":{"rendered":"<h4 class=\"ng-star-inserted\" style=\"text-align: center;\"><span class=\"ng-star-inserted\">Scientific Committee<\/span><\/h4>\n<hr \/>\n<p>Dean of Faculty of Life and Natural Sciences, Prof. Dr. Sevil Din\u00e7er \u0130\u015fo\u011flu &#8211; Abdullah G\u00fcl University<\/p>\n<p>Dean of Research, Professor Dr. G\u00f6kmen Zarars\u0131z &#8211;\u00a0 Erciyes University<\/p>\n<p>Professor Dr. Serpil Taheri, GENK\u00d6K &#8211; Erciyes University<\/p>\n<p>Associate Prof. Dr. Aysun Adan &#8211; Abdullah G\u00fcl University<\/p>\n<p>Associate Prof. Dr. Ba\u015fak Ak\u00e7ok &#8211; Abdullah G\u00fcl University<\/p>\n<p>Dean of Students Office, Associate Prof. Dr. Alper \u0130\u015fo\u011flu &#8211; Abdullah G\u00fcl University<\/p>\n<p>Associate Prof. Dr. Serkan Dayan &#8211; Erciyes University<\/p>\n<p>Associate Prof. Dr. \u00d6mer Ayd\u0131n &#8211; Erciyes University<\/p>\n<p>Assistant Prof. Dr. \u0130smail Ak\u00e7ok &#8211; Abdullah G\u00fcl University<\/p>\n<p>Assistant Prof. Dr. Sebiha \u00c7evik &#8211; Abdullah G\u00fcl University<\/p>\n<p>Assistant Prof. Dr. \u00d6zkan Fidan &#8211; Abdullah G\u00fcl University<\/p>\n<p>Associate Prof. Dr. Oktay I. Kaplan &#8211; Abdullah G\u00fcl University<\/p>\n<p>Assistant Prof. Dr. Sibel Sar\u0131 &#8211; Abdullah G\u00fcl University<\/p>\n<p>Assistant Prof. Dr. Demet Saylan &#8211; Abdullah G\u00fcl University<\/p>\n<p>Assistant Prof. Berrak Yetimler &#8211; Abdullah G\u00fcl University<\/p>\n<p>Assistant Prof. Dr. Mesude Bi\u00e7er &#8211; Abdullah G\u00fcl University<\/p>\n<p>Assistant Prof. Dr. Nurettin Ayval\u0131 &#8211; Abdullah G\u00fcl University<\/p>\n<p>Assistant Prof. Dr. Gonca Buyruko\u011flu &#8211; Abdullah G\u00fcl University<\/p>\n<p>Assistant Prof. Dr. Ali Turan &#8211; Abdullah G\u00fcl University<\/p>\n<p>Assistant Prof. Dr. Zeliha Soran Erdem &#8211; Abdullah G\u00fcl University<\/p>\n<p>Medical Genetics Specialist Dr. Burak Mehmet Mutlu &#8211; DetaGen<\/p>\n<p>Dr. \u00d6mer Faruk Bay &#8211; Abdullah G\u00fcl University<\/p>\n<hr \/>\n<p>&nbsp;<\/p>\n<h4 class=\"ng-star-inserted\" style=\"text-align: center;\"><span class=\"ng-star-inserted\">Organizing Committe<\/span><\/h4>\n<hr \/>\n<p>Dean of Faculty of Life and Natural Sciences, Prof. Dr. Sevil Din\u00e7er \u0130\u015fo\u011flu\u00a0 &#8211; Abdullah G\u00fcl University<\/p>\n<p>Dean of Research, Professor Dr. G\u00f6kmen Zarars\u0131z &#8211;\u00a0 Erciyes University<\/p>\n<p>Associate Prof. Dr. Aysun Adan &#8211; Abdullah G\u00fcl University<\/p>\n<p>Associate Prof. Dr. Ba\u015fak Ak\u00e7ok &#8211; Abdullah G\u00fcl University<\/p>\n<p>Assistant Prof. Berrak Yetimler &#8211; Abdullah G\u00fcl University<\/p>\n<p>Assistant Prof. Dr. \u0130smail Ak\u00e7ok &#8211; Abdullah G\u00fcl University<\/p>\n<p>Assistant Prof. Dr. Demet Saylan &#8211; Abdullah G\u00fcl University<\/p>\n<p>Assistant Prof. Dr. Sebiha \u00c7evik &#8211; Abdullah G\u00fcl University<\/p>\n<p>Assistant Prof. Dr. \u00d6zkan Fidan &#8211; Abdullah G\u00fcl University<\/p>\n<p>Associate Prof. Dr. Oktay I. Kaplan &#8211; Abdullah G\u00fcl University<\/p>\n<p>Assistant Prof. Dr. Sibel Sar\u0131 &#8211; Abdullah G\u00fcl University<\/p>\n<p>Assistant Prof. Dr. Ali Turan &#8211; Abdullah G\u00fcl University<\/p>\n<p>Medical Genetics Specialist Dr. Burak Mehmet Mutlu &#8211; DetaGen<\/p>\n<p>Dr. \u00d6mer Faruk Bay &#8211; Abdullah G\u00fcl University<\/p>\n<hr \/>\n<p>uniBiotech Ba\u015fkan\u0131 Sena \u00d6zay &#8211; Abdullah G\u00fcl University<\/p>\n<p>uniBiotech Ba\u015fkan Yard\u0131mc\u0131s\u0131 Tuana Demircan &#8211; Abdullah G\u00fcl University<\/p>\n<p>uniBiotech Sosyal Medya Koordinat\u00f6r\u00fc Feyza G\u00fcl &#8211; Abdullah G\u00fcl University<\/p>\n<p>uniBiotech Halkla \u0130li\u015fkiler Koordinat\u00f6r\u00fc Burak \u00dcnal &#8211; Abdullah G\u00fcl University<\/p>\n<p>uniBiotech Etkinlik Koordinat\u00f6r\u00fc Ayb\u00fcke Arslan &#8211; Abdullah G\u00fcl University<\/p>\n<p>uniBiotech \u0130\u00e7erik Koordinat\u00f6r\u00fc Beyza Burkuto\u011flu &#8211; Abdullah G\u00fcl University<\/p>\n","protected":false},"excerpt":{"rendered":"<p>Scientific Committee Dean of Faculty of Life and Natural Sciences, Prof. Dr. Sevil Din\u00e7er \u0130\u015fo\u011flu &#8211; Abdullah G\u00fcl University Dean of Research, Professor Dr. G\u00f6kmen [&hellip;]<\/p>\n","protected":false},"author":1,"featured_media":0,"parent":0,"menu_order":0,"comment_status":"closed","ping_status":"closed","template":"","meta":{"footnotes":""},"class_list":["post-70","page","type-page","status-publish","hentry"],"_links":{"self":[{"href":"http:\/\/lifesciences.agu.edu.tr\/index.php\/wp-json\/wp\/v2\/pages\/70","targetHints":{"allow":["GET"]}}],"collection":[{"href":"http:\/\/lifesciences.agu.edu.tr\/index.php\/wp-json\/wp\/v2\/pages"}],"about":[{"href":"http:\/\/lifesciences.agu.edu.tr\/index.php\/wp-json\/wp\/v2\/types\/page"}],"author":[{"embeddable":true,"href":"http:\/\/lifesciences.agu.edu.tr\/index.php\/wp-json\/wp\/v2\/users\/1"}],"replies":[{"embeddable":true,"href":"http:\/\/lifesciences.agu.edu.tr\/index.php\/wp-json\/wp\/v2\/comments?post=70"}],"version-history":[{"count":11,"href":"http:\/\/lifesciences.agu.edu.tr\/index.php\/wp-json\/wp\/v2\/pages\/70\/revisions"}],"predecessor-version":[{"id":516,"href":"http:\/\/lifesciences.agu.edu.tr\/index.php\/wp-json\/wp\/v2\/pages\/70\/revisions\/516"}],"wp:attachment":[{"href":"http:\/\/lifesciences.agu.edu.tr\/index.php\/wp-json\/wp\/v2\/media?parent=70"}],"curies":[{"name":"wp","href":"https:\/\/api.w.org\/{rel}","templated":true}]}}